is -5 + -1 - (-1 - 2)?
-3
Calculate -4 + 0 + 1 + 4 + 1.
2
Calculate -3 + 2 - -3 - (-14 - -19).
-3
Evaluate -8 - ((-2 - 3 - 0) + 3).
-6
Evaluate -10 + 6 - -3 - 5 - -9.
3
What is (-52 - -49) + (-1 - -6)?
2
(-2 - 11) + -19 + 25
-7
Evaluate 7 - (-3 + 8 + 4).
-2
What is -1 - (7 - (-6 - -6) - 13)?
5
What is the value of (-2 - -4 - 0) + (-1 - -2)?
3
Calculate -1 + 2 - (0 + -3 - -1).
3
Evaluate -1 - ((10 - 9) + 3).
-5
What is the value of (0 - (-3 - 1)) + -12 - -3?
-5
Evaluate 2 + -8 + 10 - 8.
-4
Evaluate -28 + 24 - (4 - 2 - 3).
-3
Calculate 2 + -1 + (-7 - -4).
-2
Calculate 9 + (-6 - 6) - (-2 + 1).
-2
What is 9 - 14 - (-1 - -1)?
-5
What is (0 - 1) + -18 + 42 + -23?
0
What is the value of -1 + (1 - 5) + 3?
-2
1 - (-3 - (-1 - -5 - 8))
0
What is 3 + (1 - 4) - 2?
-2
-1 + 0 + -3 + 7
3
4 + -1 - ((0 - 2) + 4)
1
Calculate 6 - (0 - (1 - 0) - -2).
5
Calculate 1 + -1 + 1 + (2 - -1).
4
1 + -6 + (90 - 84)
1
What is 1 + (-1 - (4 + -1))?
-3
3 + -4 + (3 - 4)
-2
Calculate -3 + 3 + -2 - -3.
1
What is 1 + (3 - 1) + -9 - -1?
-5
Evaluate (-5 - -4) + -1 + (2 - 0).
0
5 + (-2 - (1 - (4 + 2)))
8
Evaluate 8 + 5 + -22 + 13.
4
What is -4 - (0 + -3 - -4)?
-5
What is the value of 3 + (-28 - -14) + 7?
-4
Calculate (-2 - -11) + 1 - (5 + 1).
4
What is -5 - (-5 + 2) - -3?
1
What is the value of -10 + 4 + -1 + 2 - -10?
5
What is -10 - (5 + -10 - 0)?
-5
Calculate (-3 - (0 - -2)) + 1.
-4
What is the value of -5 + (7 - (2 + 3))?
-3
Calculate (-7 + 5 - (-6 - 5)) + -11.
-2
What is (1 - 3) + (4 - 9) + 0?
-7
4 + (-2 - -5) + -7
0
Calculate 13 - 23 - 2 - -6.
-6
3 - (-3 - -1) - (-7 - -9)
3
Calculate -2 - (1 - ((-3 - 7) + 7)).
-6
-4 - -6 - (0 + -2)
4
What is -5 + -1 + (-7 + 6 - -5)?
-2
What is (3 - (6 - 6)) + -2?
1
Calculate 4 - (2 - -4) - (1 + -7).
4
Evaluate 0 + -1 - ((0 - -6) + -4).
-3
What is (-1 + 4 - -2) + -3 - 1?
1
Calculate 6 + -2 + (-2 - (-1 - 0)).
3
Evaluate (3 + -2 - -1) + -3 + 4.
3
Evaluate 4 + 1 + -10 + 1.
-4
Calculate -2 + 10 - (-5 + 9).
4
Evaluate 6 + (-35 - -36) + (-1 - 8).
-2
What is the value of (-11 - -4 - -3) + 1 + 0?
-3
Calculate -3 + 9 - 11 - -9.
4
What is the value of -7 - (-3 - (7 - 3))?
0
Calculate (-8 - (-11 - -8)) + 4.
-1
What is the value of -5 + 12 + 12 + -12?
7
0 + 1 + -5 + 3
-1
Evaluate (-3 - 0) + 2 - -5.
4
Evaluate (5 - 2) + 3 - (-1 - -10).
-3
Evaluate 0 + 0 + 3 - 6.
-3
What is 3 - (-2 + 1 + -4 - -7)?
1
What is 0 - -2 - (-3 + 0)?
5
Calculate -7 + (5 - -1 - 1) + -2.
-4
What is (2 - 8) + -99 + 105?
0
What is 3 + -6 + 0 - (1 + -3)?
-1
What is the value of 0 + (-5 + 4 - (3 + -3))?
-1
What is 0 + -19 + (-119 - -130)?
-8
What is the value of (-71 - -65) + (8 - 0)?
2
Evaluate (-2 - 1) + 2 + (2 - 1).
0
-6 - (-15 + 2) - (-1 - -4)
4
2 - 1 - (-24 + 12 - -4)
9
Evaluate 5 + -2 + (2 - 0).
5
What is the value of (-9 - 2) + 12 + (0 - -4)?
5
4 - ((-3 - 2) + 4)
5
Calculate (-1 + 3 - (-2 - -5)) + -4.
-5
-4 + 1 + 79 + -75
1
(-1 - -3) + (-8 - 7) + 22
9
Evaluate 79 + -73 + (-1 - (0 - 1)).
6
What is the value of -5 + (17 + -10 - 4)?
-2
What is (-4 - -3) + 23 + -20 - 5?
-3
What is the value of -5 + -1 + 4 - -6?
4
What is 0 - (3 - 2 - 1)?
0
Evaluate -3 - (-4 - (3 + -4)) - -3.
3
What is the value of -38 + 29 + -1 + 4?
-6
What is the value of (13 - 7) + -5 - (-4 + 0)?
5
Evaluate 3 + 5 + -4 + -4.
0
What is (2 - -2) + 4 + -6?
2
3 + -1 - (5 + 4 - 14)
7
10 - (-2 - (-10 - 4))
-2
What is 1 + (1 - 1 - 4)?
-3
Calculate 25 - 13 - 14 - (0 + 6).
-8
Evaluate -2 + 1 + 1 + 5 + -3.
2
What is 9 + -13 - (0 - 7)?
3
What is the value of -3 + (-5 - (-12 + (6 - 1)))?
-1
What is the value of (-1 - (-4 - -1)) + -6 - -2?
-2
2 + -10 - (-5 - (5 - 7))
-5
Calculate 13 + 5 + -11 + -14.
-7
(3 - 3) + 2 + 1
3
What is the value of -8 + 2 + (-3 - (4 - 8))?
-5
What is the value of -9 + 10 + -1 + 3 + -1?
2
-7 + (-5 - -5 - -4)
-3
Calculate (-4 - 2 - -2) + 1.
-3
1 - 4 - (2 - 10 - -2)
3
What is 9 + (2 - -2 - 5) - 7?
1
What is the value of 5 - 9 - (-17 - -8) - -5?
10
Calculate -8 - (0 + -2 + -2) - 1.
-5
(-1 - -2) + 7 + (5 - 15)
-2
(5 - 3) + -4 - (0 - -3)
-5
Calculate 11 + (-4 - 7) + 0.
0
What is the value of -1 - -3 - ((-12 - -5) + 4)?
5
Calculate -7 - -3 - (2 - (-2 + 4)).
-4
What is -41 + 37 + (0 - 0) + 6?
2
Calculate (-2 - -3) + 5 + -8.
-2
What is (-15 + 10 - (0 + -11)) + -6?
0
Evaluate (6 + 2 - (1 - 0)) + -2.
5
(7 - (3 + 1)) + -7
-4
Calculate (-2 - -2 - (3 + 0)) + -1.
-4
What is 0 - 6 - (-72 + 71)?
-5
Evaluate 1 + (4 - 0) - (1 + 1).
3
Evaluate 11 - (25 - 10) - (2 - 0).
-6
What is the value of -6 + (-6 + 2 - -4 - -3)?
-3
Evaluate -4 - 3 - -1 - (-6 - 3).
3
Evaluate 2 + -2 - ((6 - 6) + 6).
-6
-1 - (3 + 2 + -9) - 1
2
-139 + 146 + -4 + 1
4
Calculate (-5 - -2) + 2 - -3.
2
Calculate -4 + (0 - (1 - 3)).
-2
Evaluate 1 - (-4 - -5 - 4 - -6).
-2
Evaluate -2 + (-3 - -5) + -4.
-4
(2 - 5) + 1 + 2 + -3
-3
What is the value of -9 - (-4 - (-3 + 6))?
-2
Calculate (2 - -1 - 1) + -2 + 4.
4
What is the value of 1 - (-2 + (-1 - -2))?
2
(0 - 1 - -1) + 44 + -39
5
What is 17 + (1 + -1 - 8)?
9
Calculate 11 + (-5 - 2) - (10 + 0).
-6
What is -7 + (6 - -6) + (3 - 6)?
2
What is the value of 9 + (-18 - (-12 - 0))?
3
What is -4 + (-1 - -11) + (21 - 24)?
3
Evaluate (7 + 1 - 7) + -2.
-1
What is -1 + -6 - ((-12 - 1) + 6)?
0
What is the value of 22 + (6 - (24 - 5))?
9
Evaluate -12 + (2 - (-3 + -3)).
-4
0 - 6 - (3 - (7 - 3))
-5
What is 2 + -3 - (-1 - 0) - 2?
-2
What is the value of 1 - ((-10 - -10) + (2 - -1))?
-2
(-6 - -5) + (-1 - 0) - 1
-3
What is (1 + -12 - -19) + -1?
7
10 + (-8 - (-6 + 4)) - 11
-7
What is 2 + (-4 - -3 - (2 - 1))?
0
(0 + 0 - (4 - 3)) + 6
5
What is the value of 19 + -12 + (-2 - (0 + 2))?
3
Evaluate -2 + 3 + -3 - 1.
-3
Evaluate 1 - (0 - (-2 - 0 - 3)).
-4
What is (2 - 7) + (46 - 27) - 4?
10
-4 + 7 + -11 - -4
-4
What is the value of 4 + (-1 - 0) + -3?
0
Evaluate 3 + -4 + (-3 + 3 - -1).
0
Calculate 3 + -3 + (5 - (-6 + 14)).
-3
Calculate 1 - 1 - (27 + -24) - 1.
-4
What is the value of (-10 + 7 - (0 - 4)) + -2?
-1
(-14 - -3) + 2 - -3
-6
What is the value of 1 + 1 + (18 - 19)?
1
What is the value of 47 + -53 - (-6 - 0)?
0
-1 - (6 + -8 - -4)
-3
Calculate 5 + -5 + (2 - -3).
5
What is -9 - (0 - (7 + 5 + -7))?
-4
Calculate -6 + -2 - (-16 - -11).
-3
2 + 1 + 11 + (2 - 13)
3
(6 - (-1 + 1 + 0)) + -1
5
What is (17 - 7) + -7 - 0?
3
Evaluate 2 - 1 - 0 - (-1 - -5).
-3
What is the value of 1 + -1 - 3 - (-12 + 5)?
4
What is the value of (-3 - 0) + 1 + 4?
2
Calculate -2 - -7 - (-6 - -6).
5
(0 + -4 - -1) + 3 + 6
6
Evaluate (2 - (2 + -2)) + -48 + 45.
-1
What is the value of -7 + -2 + 8 + -3?
-4
16 - ((-4 + 4 - -8) + -2)
10
What is 3 - (-11 + 16 + -8)?
6
What is the value of -2 - (-1 + -6 + 12 + -6)?
-1
What is 0 + -1 + 1 + -1?
-1
What is 5 + 2 + 1 - (3 - -1)?
4
-3 - (8 + -23 + 7)
5
What is -1 + -6 + -2 + 3?
-6
Calculate -4 - (-6 + -2 - -1).
3
Evaluate 6 - (7 + -2 + 1).
0
What is -6 + (-1 + 5 - -5)?
3
Evaluate 8 + (-17 - (1 + -3)).
-7
Calculate -102 + 103 + 6 + -1.
6
5 + -7 + 3 + -2
-1
Calculate 5 - (10 + -6 - (0 - -4)).
5
What is 1 - 5 - (178 + -173)?
-9
What is the value of (5 - (6 - -1)) + 7?
5
What is the value of 3 - 0 - (2 + (-9 - -5))?
5
What is -6 - 0 - (-10 - 1)?
5
Calculate (-2 - -9 - 21) + 6 - 0.
-8
Calculate 21 + (12 - 17) - (-1 - -9).
8
What is 4 + 3 - (-3 - -5 - -4)?
1
0 + -2 - (4 - 1 - 1)
-4
4 - (2 + 4) - -2
0
Evaluate 7 - (22 + -5 + -3).
-7
What is the value of -1 - (5 + 0) - (457 + -469)?
6
Evaluate -5 + -9 - -10 - (0 + -3).
-1
6 + -2 + (1 - -1) + -2
4
Calculate -1 + (9 - 17) + 4.
-5
What is 4 - 6 - (-2 - -2)?
-2
-24 - -17 - (-9 - 4)
6
14 + (-2 + 0 - (2 - -4))
6
Calculate 0 - (0 + -9 - -6).
3
What is the value of 5 - 1 - -5 - 4?
5
Evaluate -4 + 3 - (1 + -4).
2
Evaluate 1 + (1 - (-5 + 2)).
5
What is the value of 0 - 1 - (-8 - -2)?
5
Evaluate -5 + 4 + -3 + 10 + 1.
7
Evaluate (-13 - -27) + (-9 - -2).
7
Evaluate 1 + -1 - 9 - -5.
-4
What is the value of (-3 - -5) + (0 - 1)?
1
-1 + (-2 - -1) + 6 + -3
1
-2 - (-1 - (9 - 3))
5
Calculate 1 - (-1 - (-2 - (-4 + 3))).
1
Calculate -3 + ((2 - 4) + 7 - 4).
-2
Evaluate 6 + -11 + 12 + -7 + 7.
7
(-2 - 5) + 26 + -10 + -10
-1
Calculate (4 - (0 - -3)) + 3 + -3.
1
3 + (2 - (1 - 1))
5
Calculate 3 + 0 + 0 + -3.
0
Calculate 9 - (-2 - -8) - -6.
9
Evaluate (-7 - -5) + (-1 - 2) - 0.
-5
What is the value of -2 + -9 + 8 - -9?
6
-3 - ((-1 - 0) + 4 - 13)
7
What is (2 - 4 - 3) + (-4 - -13)?
4
Calculate (3 - -2) + (20 - 32) + 7.
0
Ca